ctors of (-418)/(-13) - (-11)/(572/(-8)).
2
Let f = 5 + 18. What are the prime factors of f?
23
Let g(o) = o**2 - 4*o + 6. Let p be g(4). Suppose 2*q + p = 4*q. What are the prime factors of q?
3
Let i = -15 + 22. Let z be 2/i + 416/14. Suppose -z = g - 4*g. List the prime factors of g.
2, 5
What are the prime factors of ((-3)/(-2))/(18/312)?
2, 13
List the prime factors of 6/12*97 - 2/4.
2, 3
Let x be -2 - 15/9*3. Let h(f) = -f**3 - 8*f**2 - 10*f - 8. What are the prime factors of h(x)?
13
Suppose w - 20 + 9 = 0. Let n be (-2 + 19)/((-2)/(-6)). Suppose -w + n = 5*z. What are the prime factors of z?
2
Let d(c) = 2*c**2 + 8*c + 2. What are the prime factors of d(-6)?
2, 13
Let m(g) = 19*g**2 + 2*g + 5. Let w(j) = -19*j**2 - 2*j - 4. Let d(i) = -5*m(i) - 6*w(i). What are the prime factors of d(1)?
2, 5
Let v(j) = j**3 - 4*j**2 - 3*j - 2. Let t be v(5). Let u(a) = -4*a - 3. Let r be u(-2). What are the prime factors of 22/t + r/20?
3
Let b = -2 + 5. Suppose 0 = -2*q + b*f + 29, -4*f - 42 = -2*q - q. What are the prime factors of q?
2, 5
Suppose -9 + 44 = -5*p + 2*w, -3*p + 4*w = 35. What are the prime factors of p/25 + (-151)/(-5)?
2, 3, 5
Let c(b) = -b**2 + 6*b + 5. Let t be c(6). Suppose 2*f = -t*i + 3*i + 48, -2*f = -4*i - 60. List the prime factors of f.
2, 13
Let i = -7 - -7. Suppose i = 3*s - 8 - 7. Suppose -2*c = -3*c + s. What are the prime factors of c?
5
Suppose 4*y - 3*y = 77. Suppose 4*g = -5*s + 31 + 69, g + y = 3*s. What are the prime factors of s?
2, 3
Suppose 5*d - 1 = 3*t + 3, d - 2*t + 2 = 0. Suppose -d*l = 3*s - 2*s - 16, 4*s + 3*l - 44 = 0. What are the prime factors of s?
2
Suppose 2*u - 3*c + 2 + 0 = 0, -1 = u - c. Let n = u - -2. List the prime factors of (-3)/(-2) - n/(-2).
2
Let c = 0 + 171. What are the prime factors of c?
3, 19
Suppose -u + 3 = -4. Let n = -6 + u. What are the prime factors of n - 2/(-4)*10?
2, 3
Let n = 2 - -35. Suppose n - 1 = 3*m. List the prime factors of m.
2, 3
Suppose 0 = 4*p - 6*p + 594. Let a = 201 - p. List the prime factors of (a/(-18))/(2/6).
2
Let b(f) = 8*f - 2. What are the prime factors of b(11)?
2, 43
Let q = -418 + 783. What are the prime factors of q?
5, 73
Let l(j) = -j**2 - 5. Let g be l(0). Let z be (-2)/g + 8/5. Suppose -s - 4*s + 5*t = -70, -5*t = -z*s + 13. List the prime factors of s.
19
Let f(v) = -v**2 + 7*v + 10. Let s be f(9). List the prime factors of ((-20)/s)/((-3)/(-18)).
3, 5
Let m be -3 - (3 + -3) - -3. Suppose 3*x - 167 = -m*f + f, x - 53 = -f. What are the prime factors of x?
5, 11
Let u = 2 + 16. Suppose -m - m = -u. List the prime factors of m.
3
Let i(u) = -2*u**2 - 5*u + 11. Let a(t) = 3*t**2 + 8*t - 17. Let m(q) = -5*a(q) - 8*i(q). List the prime factors of m(-4).
13
Suppose 4*q - 1618 = 262. Suppose -q = 4*z - 38. What are the prime factors of 6/10 - z/45?
3
Let v = -76 - -148. What are the prime factors of v?
2, 3
Let l(w) = w - 1. Let h(a) = 4*a + 5. Let d(v) = h(v) + 3*l(v). List the prime factors of d(4).
2, 3, 5
Let i be (-2)/(-9) - 22/18. What are the prime factors of (-3)/i + -1 - -26?
2, 7
Let s(t) = -t**2 + 10*t + 10. Let g be s(11). List the prime factors of -1 - (3/g - 24).
2, 13
Let a be ((-6)/4)/((-9)/(-12)). What are the prime factors of a/(-5) - (-98)/5?
2, 5
Let b = 94 + -45. Let j = -29 + b. List the prime factors of j.
2, 5
Suppose g + 72 = 13*g. List the prime factors of g.
2, 3
Let l(y) = 63*y - 9. Let w(b) = -31*b + 4. Let j(z) = -6*l(z) - 13*w(z). Let h be j(2). Suppose 12 - h = -5*k. What are the prime factors of k?
2
Suppose 0 = -4*p - 0*p + 92. What are the prime factors of p?
23
Suppose 4*b + 2*k = 206, 180 = 3*b - k + 28. What are the prime factors of b?
3, 17
Let z(d) = -d - 1. Let j(u) = -u**2 + 5*u - 11. Let l(r) = -j(r) + 2*z(r). Let p be l(6). What are the prime factors of p*(24/9 - -1)?
11
Let j(o) = 2 + 4*o - 2*o + 2. Suppose 0*h + 5*f = 5*h - 20, 3 = -3*f. What are the prime factors of j(h)?
2, 5
Suppose 4*v - 2*v = -3*r + 267, -535 = -4*v - 5*r. List the prime factors of v.
3, 5
Let d = 5 - 6. Let x(u) = -5*u**3 + u. Let t be x(d). Suppose -4*g + 8 = 4*z, 21 + 7 = 5*g - t*z. What are the prime factors of g?
2
List the prime factors of (3 - ((-30)/(-9) - 3))*57.
2, 19
Let c(z) = 28*z**3. Let x = -4 - -3. Let f be c(x). Let m = 40 + f. List the prime factors of m.
2, 3
What are the prime factors of (-24)/40 + (-4)/((-40)/606)?
2, 3, 5
Suppose 260 = 5*l + v, 5*l = 4*v + 99 + 136. Suppose -z + l = 3*w + 3, 5*z + 15 = 0. List the prime factors of w.
17
Suppose -i = 4*i. Suppose -4*m = -3*j - m + 12, i = -2*j + 5*m + 14. Suppose -8*f = -4*r - 5*f + 16, -4 = -r - j*f. List the prime factors of r.
2
Suppose 3*y = -2*v + 52, 5*v = -y - 2*y + 58. Suppose 0 = -2*b + y + 6. List the prime factors of b.
11
Suppose 0 = 4*g - 85 + 25. Let a be (1 + g)*1/2. Suppose 4*n + 0 = a. List the prime factors of n.
2
Let t = -8 + 7. Let g be 4 - ((-3)/(-3) - t). Suppose 3*p - 35 = 5*v, 47 = 4*p - 5*v + g. What are the prime factors of p?
2, 5
Let q = 1 + 4. Suppose 8 + q = s. What are the prime factors of s?
13
Let g = 137 + -73. What are the prime factors of g?
2
Let b = 26 - 9. List the prime factors of b.
17
Let b(o) = 1. Let j(d) = -6*d + 1. Let y(u) = 2*b(u) + j(u). Let f be y(2). List the prime factors of 2/(2 - f/(-6)).
2
Suppose 14*l - 658 = 1204. List the prime factors of l.
7, 19
Suppose -5*l + 5*i = -420, 3*l + 42 - 315 = -4*i. List the prime factors of l.
3, 29
Let q(v) = v**3 + 2*v**2 - v. Let a = -24 - -22. What are the prime factors of q(a)?
2
Suppose n = 6*n - 130. Let r = n - 18. What are the prime factors of r?
2
Suppose 4*c - 5*i = -112, 0 = 4*c - i + 136 - 40. Let d = 12 - c. List the prime factors of d.
5, 7
Let a(l) = 6*l. Let m be a(2). Let z = m - -2. What are the prime factors of 4/14 + 94/z?
7
Let g(i) be the third derivative of -i**4/12 + 7*i**3/3 - 2*i**2. What are the prime factors of g(-9)?
2
Suppose 3*q - 39 = p + 2*p, 3*q - 4*p - 44 = 0. Suppose 0*t = -t + i + q, 2*t - 19 = 3*i. Let k = 2 + t. What are the prime factors of k?
7
What are the prime factors of 3 - 2455/(-10) - (-3)/(-6)?
2, 31
Suppose 3*y - 24 = -0. Suppose 4*j - 4 + y = 4*w, 0 = j - 2*w + 4. List the prime factors of j.
2
What are the prime factors of (-2 - (-139)/1) + 1 + -3?
3, 5
Let f(i) = -4*i - 3. Let q = 3 + -5. Let r be f(q). Suppose 3*v + 0 = r*t + 46, t + 12 = v. What are the prime factors of v?
7
Suppose 4*n = c - 132, -2*n + 162 = 5*c - 498. List the prime factors of c.
2, 3, 11
Let y(x) = 4*x - 3*x - 1 - 2. Let k be y(3). Suppose k = -z - 3*z + 12. What are the prime factors of z?
3
Let g(n) = n**3 + n**2 - 3. Let z be g(0). Let x = z - -27. What are the prime factors of x?
2, 3
Suppose -2*x + 4 = -0*x. Suppose 0*a - 13 = -5*a - u, 2*a = -2*u + x. What are the prime factors of a?
3
Let c(u) = u**2 + 4*u - 7. Let l be c(6). Suppose -l + 17 = -4*n. List the prime factors of n.
3
Suppose 5*w - 8 = 3*w - 3*s, -4*s = -16. What are the prime factors of (406/(-4))/7*w?
29
Let q(b) = 67*b - 9. List the prime factors of q(4).
7, 37
Let t = -6 + 8. Suppose 5*q = -t*y + 38, 3*q + y - 30 = -2*y. What are the prime factors of q?
2, 3
Let k = 17 + 21. What are the prime factors of (k/4)/(4/8)?
19
Suppose -5*x + 22 = -d - 3, 4*d - 10 = -2*x. Let s be 2 + d + 1 + 1. Let w = s + -2. What are the prime factors of w?
2
Let x(r) = -4 + r**3 - r - 6*r**2 - 3*r - 2*r - 2*r**3. Let m be x(-5). What are the prime factors of 2 - 1*(-1 + m)?
2
Suppose -3*z - 3 = -3*i, -2*z - 7 = -5*i + z. Suppose 2*u + u - 3 = 0. Let w = i + u. What are the prime factors of w?
3
Let q = 29 + -22. Let w = 10 + -7. Suppose -w*j + 28 = q. What are the prime factors of j?
7
What are the prime factors of 262/10 - 1/5?
2, 13
What are the prime factors of 1926/14 - 9/(-21)?
2, 3, 23
Let u(v) be the second derivative of v**4/12 - v**3/3 + v**2 - v. Let m be u(2). Suppose m*r - 12 = -g, -g - 32 = -3*g + 4*r. What are the prime factors of g?
2, 7
Suppose -3*z = -h + 25, -2*z - 160 = -4*h - 5*z. What are the prime factors of h?
37
Let k = 129 - 71. What are the prime factors of k/3 - 14/42?
19
List the prime factors of 32/(-16) + 189/1.
11, 17
Let t be (100/(-30))/(4/(-6)). Suppose -s + 8 = n + 3, 4*n - 65 = t*s. List the prime factors of n.
2, 5
Let d(n) = -n**2 - 17*n - 30. What are the 